u) be the first derivative of u**2/2 - 3*u - 4. Determine b(13).
10
Let y(m) be the third derivative of -m**5/60 + m**4/12 - 11*m**3/6 + 2*m**2 + 75*m. Give y(0).
-11
Let w(y) = 3*y - 36. Let k be w(14). Let m(t) = -10*t**3 - 5*t**2 + 5. Let d(q) = -20*q**3 - 9*q**2 + 9. Let h(b) = k*d(b) - 11*m(b). Determine h(-1).
10
Let j(t) = 15*t**2 + 1 + 7 - 5*t - 3*t**2 - t**3 - 3*t**2. Calculate j(8).
32
Let z(m) = -m**2 - 5*m + 2. Let h be z(-5). Let f = -8 + h. Let n(g) = 6*g + 5*g**2 - 10*g - 5 + g**3 - 2*g. What is n(f)?
-5
Let h(g) = -5*g - 19 - 2*g**2 + 23 + 0*g**3 + 0*g**3 + g**3. Suppose 3*c - 50 = 4*o, 0 = -o + 2*o + 5. Let a = c + -7. Give h(a).
-2
Let w(s) = -s**2 - 8*s + 13. Let c be w(-9). Let h(z) be the third derivative of 0*z - z**2 + 0 + 1/12*z**5 + 1/120*z**6 + 0*z**3 + 1/6*z**c. Give h(-4).
0
Let d(h) = -h**3 + 8*h**2 - 8*h + 4. Let f be (-2)/(-1 + -1)*(12 - 5). What is d(f)?
-3
Let n(h) be the second derivative of h**4/12 - 7*h**3/3 + 3*h**2 - 311*h. What is n(13)?
-7
Let w(s) be the third derivative of -20*s**2 + 1/120*s**6 - 1/3*s**3 + 1/24*s**4 - 1/10*s**5 + 0 + 0*s. Determine w(6).
4
Suppose 3*h + 4 = -h, 0 = -2*z - 3*h - 13. Let f = 7 - 5. Let v(p) = 5*p + 0 - p + 4*p**2 + 2*p**f + p**3 - 4. Determine v(z).
1
Let p(m) be the third derivative of 1/24*m**4 + 0 + 24*m**2 + 0*m + 2/3*m**3. Let k(j) = -2*j + 10. Let r be k(8). Determine p(r).
-2
Let l be ((-2)/(-6))/(9/459). Suppose 0*a = b + 4*a - 13, 5*a - l = -2*b. Let c(f) = -8*f**3 - 2*f**2 + 2*f - 1. Give c(b).
-9
Let o(r) = -r**3 + 5*r**2 + 2*r - 8. Suppose -4*w = -f - 28, -3*w = -f + 36 - 58. Calculate o(w).
-32
Let x(w) = w - 1. Suppose 3*c = -4 + 34. Suppose -2*q + 0 + c = 0. Suppose -2*l = -5*u + 5, 5 = q*u + l + 3*l. Determine x(u).
0
Let s(l) be the first derivative of 2*l**3/3 + l**2 - 2*l + 158. Suppose 2*u = -4 - 2. What is s(u)?
10
Let d(n) be the third derivative of -n**6/30 + n**5/30 - n**4/24 + n**3/6 + 5*n**2. Let f be d(1). Let w(b) = 2*b + 0 + 0*b - 1. Calculate w(f).
-5
Let h = 8 - 5. Let i be (1 - 1) + 0 - (-5 - -2). Let z(r) = 1 - r**3 + 9*r + i*r**2 - r - 7*r. Determine z(h).
4
Let c(r) = -r - 11. Let w = -238 - -232. What is c(w)?
-5
Let g(x) = x**3 + 7*x**2 - 8*x + 4. Suppose 64 = 121*a - 129*a. Give g(a).
4
Let p(h) = -141*h**2 - h + 3 + 276*h**2 - 136*h**2. Determine p(3).
-9
Let y(v) = 2*v - 7. Let d be y(7). Let s(p) = -4 - d + p + 12. Let j = -10 + 10. Calculate s(j).
1
Let l(t) = -91 + 177 - 84 + 7*t. Let y = -5 + 7. Let w = y - 4. Determine l(w).
-12
Let l(h) = -28534*h**2 + 0*h - 5*h + 28524*h**2 + 4*h. Give l(-2).
-38
Suppose c + 7 = v, 0*v + 4 = 2*v + 3*c. Let m be (v/2)/(-1)*2. Let k(x) be the second derivative of -x**5/20 - x**4/3 + 7*x**3/6 + 2*x**2 - 2*x. Determine k(m).
-6
Let d(v) = -v**3 + v**2 - 5*v - 4. Let l(a) = -2*a**3 + 3*a**2 - 12*a - 9. Let n(r) = 5*d(r) - 2*l(r). Calculate n(-2).
4
Let t(k) = -263*k + 526*k - 262*k - 2 + 3 - 9. Determine t(5).
-3
Suppose 5*w + 10 = 5*m, 2*w - 8 = 4*w. Let k be -4 - (m - 6/(-2)). Let d(q) = -q. Calculate d(k).
5
Suppose 2*k - 4 = 4*m, 5*k - 5*m = 4*k + 8. Let a(d) be the second derivative of -d**3/3 + d**2 + 9*d. Calculate a(k).
6
Let d(q) = -8 + q + q + 0*q - 1. Let y = -3 + 37. Let a = 40 - y. What is d(a)?
3
Suppose 0*j - 3*j = -12, 2*j + 72 = 5*l. Let m = l - 18. Let r(i) = 3*i**2 + 3 - 1 - i**2 + 2*i - i**2. Calculate r(m).
2
Suppose 0 = 3*w - 2*x - 9, 2*w - 5 - 1 = 2*x. Suppose 27 - w = 4*s. Let h(g) = -3*g + 5. Determine h(s).
-13
Let w(o) = 16*o + 39. Let k(d) = -6*d - 20. Let b(j) = 5*k(j) + 2*w(j). Determine b(10).
-2
Let m(p) = -p - 7 - p - 4. Let x(t) = 7 + 12*t**3 + 3*t**2 - 13*t**3 + 5*t - 6*t**2. Let y be x(-3). Calculate m(y).
5
Let x(i) = -i**3 + 287*i + 302*i + 14*i**2 - 604*i + 2. Calculate x(13).
-24
Suppose -8*j + 33 = 3*j. Let c(d) = 4*d**2 - 2*d - 1. Calculate c(j).
29
Let i(x) = x + 5. Suppose -5*w + d + 1 = 0, -3*w + 6*w - d = 1. Calculate i(w).
5
Let u(i) be the second derivative of -i**6/45 - i**5/120 - i**4/2 + 24*i. Let o(g) be the third derivative of u(g). Determine o(-1).
15
Let g(u) = -u. Let b(k) = k - 4. Let v(l) = l + 7. Let r be v(-8). Let n(j) = r*b(j) - 4*g(j). Determine n(3).
13
Let g(j) = -14*j - 3. Let p(s) = 9*s + 2. Let u = -32 + 24. Let a(w) = u*p(w) - 5*g(w). Let b be 0 + 5 + (-2)/1. What is a(b)?
-7
Suppose 4 + 22 = 13*r. Let m(x) = -x**2 + 6*x + 6. Let q = -4 + 9. Let z(n) = 3*n**2 - 11*n - 12. Let g(a) = q*m(a) + r*z(a). Give g(-8).
6
Suppose 3*h + 8 = -2*w, 2*w = -5*h + 8 - 20. Let v(k) = 3*k**2 - 33*k - 8. Let f(x) = -5*x - 1. Let z(a) = -7*f(a) + v(a). Calculate z(h).
7
Let h(l) = -5*l**2 + 15*l + 15. Let f(w) = w**2 - 4*w - 4. Let p(q) = 9*f(q) + 2*h(q). Let m be 12 + 0/(1 - -2). Suppose -g + 6 = m. Determine p(g).
-6
Let o(n) = -n**2 - 1. Let x(d) = 3*d**2 + 6. Let c(w) = 4*o(w) + x(w). Suppose -u = 3*f - 2*u, -f = -4*u. Give c(f).
2
Let h(p) = -12 + 5 - 6*p + 13*p**2 + 15*p + 14 + 2*p**3. What is h(-6)?
-11
Let m(d) = -28*d. Let p(l) = 8*l + 7. Let w be p(-1). Determine m(w).
28
Let b(v) = v**3 - 6*v**2 + 4*v - 6. Let o(y) = -y**3 - 25*y**2 - 100*y + 6. Let g be o(-20). Give b(g).
18
Let d = 991 - 965. Let v(x) = x**3 - 27*x**2 + 25*x + 31. Calculate v(d).
5
Let t(v) = -3 + v + 3. Let u = -597 + 595. What is t(u)?
-2
Let x(h) = h**2 - 7*h - 5. Let j be ((-80)/(-15))/(-4)*(-6)/2. Determine x(j).
-17
Let l(f) = f**2 + 14*f - 13. Let w be l(-15). Let r = -6 + w. Let s(y) = -3*y - 2 + 2 - y**2 - y - 3. Calculate s(r).
-3
Suppose 115*d - 97*d + 72 = 0. Let h(o) = 2 - o - 4*o + 6*o. What is h(d)?
-2
Let o be (22 - -2)*(-6)/8. Let c be (-460)/(-36) + (-4)/o. Let p(d) = -10*d**2 + 24*d**2 - c*d**2 - 1. What is p(2)?
3
Let d(k) = -29*k + 1. Let f be d(-1). Suppose -6*s + f = -s. Let z(t) = t**3 - 5*t**2 - 7*t + 5. What is z(s)?
-1
Suppose -20 = -d - 1. Suppose -4*v + 3 = d. Let o(x) = -3*x + 1 + 5*x + 0*x. Calculate o(v).
-7
Let a(y) = -y**2 + 15*y + 39. Let q be a(17). Let b(j) = j**3 - 6*j**2 + 4*j + 3. Calculate b(q).
-2
Let y(l) = l**3 + 10*l**2 + 10*l + 13. Let i = -541 + 532. Calculate y(i).
4
Let t(f) = f**2 - 5*f - 4. Let x(l) = l**2 - 4*l - 5. Let a(u) = -3*t(u) + 2*x(u). Suppose -4*h = -1 - 7, 2*h = -4*y + 12. Suppose -15 = -y*p - p. What is a(p)?
12
Suppose -28*o - 10 = 18. Let w(d) = -10*d. Give w(o).
10
Let k be ((-2)/8*2)/((-1)/(-12)). Let x(l) = -6*l - 8. Let f(r) = 4*r - 1. Let w be f(-1). Let i(b) = b. Let h(d) = w*i(d) - x(d). Determine h(k).
2
Let z(f) be the first derivative of f**3/3 - 5*f**2/2 - 6*f + 189. What is z(5)?
-6
Suppose 4*h + 36 = 3*x, 3*h - 2*h = 3*x - 9. Let y(q) = -q**3 - 10*q**2 - 8*q + 5. What is y(h)?
-4
Let k(a) be the third derivative of a**3 + 1/10*a**5 + 19*a**2 + 1/6*a**4 + 1/120*a**6 + 0*a + 0. Determine k(-5).
11
Let u(s) be the second derivative of -s**5/20 - s**4/2 - 5*s**3/6 + 2*s**2 - s. Let i(w) = -3*w**2 - w + 5. Let v be i(-2). What is u(v)?
4
Suppose 0 = 25*p - 192 - 8. Let v(r) = -r**2 + r + 5. Give v(p).
-51
Let b(j) be the third derivative of j**5/5 - j**4/24 + j**3/6 + 6*j**2 - j. What is b(1)?
12
Let w(m) be the second derivative of -m**5/20 + 5*m**4/12 + 5*m**3/6 + 3*m**2 + m. Suppose 5*q + 56 = -319. Let c be 15/q + (-62)/(-10). Give w(c).
0
Let r(y) = -y**3 - 8*y**2 - 37*y - 12. Let u(c) = 7*c. Let j(m) = -r(m) - 5*u(m). Calculate j(-8).
-4
Let b(y) be the third derivative of y**6/120 - y**5/30 - y**4/4 + y**3/2 - 38*y**2. Calculate b(4).
11
Let x(l) = -l**3 + 8*l**2 - 2*l. Let a be x(6). Let n = a - 52. Let v(i) = 3*i - 11. Determine v(n).
13
Let r(j) = -16*j**2 - 22. Let l(d) = 19*d**2 + 21. Let a(c) = -5*l(c) - 6*r(c). Calculate a(0).
27
Let s be 38/(-18) + (-4)/(-36). Let d(v) = -2*v**2 - 6*v - 4. Let n(k) = 6*k**2 + 17*k + 11. Let o(a) = 8*d(a) + 3*n(a). What is o(s)?
3
Let j(u) be the first derivative of 5*u**3 - u**2/2 - u + 2. Let p be 4/(-9) + 295/(-531). What is j(p)?
15
Suppose s + 4 = -s - 3*m, 5*s + m - 16 = 0. Suppose -2*c + 0 = 5*u - s, -2*u + 3*c = -13. Let n(a) = a - 4. Give n(u).
-2
Let h(c) = c**3 + 4*c**2 - 4*c - 6. Let s(b) = b**3 + 2*b**2 - 2. Let m be s(0). Let d be -30*m/(-16) + (-1)/4. Give h(d).
10
Let d = 182 + -179. Let a(f) be the first derivative of -1/2*f**2 + 0*f - d - 1/3*f**3. What is a(-2)?
-2
Suppose 2*g = 19 + 5. Let c = 17 - g. Suppose -2*s + 0*t = 